*r, 6*r - p*r = -20. Is b(n) prime?
True
Suppose 4*l - 20 = -4*i, 3*i + 2*l = 5*l + 39. Let y = -108 - -208. Suppose 3*g + 102 = c - y, -3*g = -i. Is c a prime number?
True
Let z(l) = -43580*l - 409. Is z(-6) composite?
False
Suppose 436706 = 5*q - 3*o, -2*q + 202394 - 27717 = -3*o. Is q composite?
True
Is 897519/(-14)*(40/15)/(-4) prime?
False
Let v = 931 + -465. Suppose 9*p = 459173 + v. Is p a prime number?
True
Let s = -1085948 + 2164537. Is s composite?
False
Suppose 5*s = -h + 1171386, -3*s + 1845892 + 496845 = 2*h. Is h prime?
False
Let k(c) = c**3 + 10*c**2 + 4*c. Let x be k(-9). Let y = x + -80. Let f = 429 + y. Is f composite?
True
Let r be -8*(9 + 4 + -2). Let o(k) = k**3 + 11*k**2 + 4*k + 1. Let u be o(-10). Let v = u - r. Is v a composite number?
False
Let d be -4 - 20/(-5) - -720 - 2. Is d/6 + 4/(-6) a composite number?
True
Let l(f) = -2*f**3 - 4*f**2 - 4*f - 19. Let u be -2*(-2 + 4)*(-126)/8. Suppose 4*r - u = 13*r. Is l(r) prime?
True
Is ((-2)/(6/587))/(1/(-213)) a prime number?
False
Let s(t) = t**3 - 18*t**2 + 28. Let j be s(18). Let i = 21 - j. Let o(b) = b**3 + 17*b**2 + 4*b - 13. Is o(i) a composite number?
False
Let h = 162 + -131. Suppose h*j = 34886 + 24665. Is j a prime number?
False
Suppose 5*q - 503470 = -3*s, 66*s - 64*s - 201384 = -2*q. Is q prime?
False
Let x(i) = 2*i**3 - 4*i**2 + 14*i + 2. Let u be x(-6). Let a = u + 2297. Is a a composite number?
True
Let j(b) = -4*b - 37. Let f be j(-11). Suppose 22920 - 5301 = f*q. Let s = q - 1382. Is s a composite number?
True
Let q(m) = -m**3 + m**2 + 193*m + 351497. Is q(0) a prime number?
True
Let c(r) = -80312*r - 14805. Is c(-41) prime?
True
Let y(x) be the third derivative of 2173*x**4/12 - 17*x**3/2 + 104*x**2. Is y(2) a composite number?
False
Suppose 5*k - 4*u = 10, -k - 14 = -6*u + 2*u. Let v(o) = 3*o**3 + 4*o**2 - 5*o. Let n be v(k). Suppose 0*i = -2*i + n. Is i a prime number?
False
Let r(k) = 1097*k**2 - 9*k - 21. Is r(-5) prime?
True
Let r(g) = g**2 + 2*g + 1. Let n be r(-1). Let t(d) = 5*d**2 - 9*d - 8. Let x be t(-3). Suppose -z + x + 327 = n. Is z a composite number?
True
Let j(r) = -174*r**2 + 21*r + 70. Let h be j(-7). Let l = h - -14436. Is l a prime number?
False
Is (-6)/(-10)*((-1521140)/(-30) - -7) a prime number?
True
Let w be (-303404)/(-20) + ((-8)/(-20))/(-2). Let o = w + -4167. Is o prime?
True
Let x = -177 - -182. Suppose 4*m - x*g - 10146 = 0, -5*m + m - 3*g = -10162. Is m a prime number?
True
Suppose -99500 - 115060 = -12*j. Let s = j - 12733. Is s prime?
True
Let f = -69 - -80. Let s(o) = 2*o**2 + 19*o + 46. Is s(f) a prime number?
False
Let g(k) = -252*k**2 + 2*k + 3. Let r be ((-2)/12 + (-21)/(-18))*-7. Let t(z) = -755*z**2 + 7*z + 10. Let j(o) = r*g(o) + 2*t(o). Is j(1) a composite number?
True
Suppose -5754155 = -37*s - 40*s - 44*s. Is s prime?
False
Suppose 1278 = 3*a - a. Let d = -259 - a. Let m = d + 1419. Is m a composite number?
False
Let y(w) = w**3 + 2*w**2 - 13*w + 10. Let v be y(-5). Suppose -5*m = 2*h + 11873 - 136700, v = 4*h - 4. Is m a prime number?
False
Let d(r) = r**3 + 14*r**2 - 15*r + 2. Let c be d(-15). Is c/1 - 10*(-117)/2 a prime number?
True
Suppose 4*b - 4*l - 3240 = 0, -19*l - 5 = -14*l. Suppose -160199 = -b*q + 796*q. Is q a composite number?
False
Let l be 0 + (-1 + 0 - -1). Let v = 1162 - 957. Suppose -3*h - f = -l*f - v, -5*h + 343 = f. Is h a composite number?
True
Let a(u) = -u**3 + 2*u**2 + 2*u + 907. Let g(t) = -3*t**2 + 11*t + 4. Let z be g(4). Is a(z) a prime number?
True
Suppose -2503*z = -2514*z + 2229271. Is z a prime number?
True
Suppose -3*u + 1768038 = 2*u + u. Is u a composite number?
False
Let j(h) = h + 17. Let n be j(-10). Let d(m) = 7 + 6 + 11 - n + 90*m. Is d(4) a composite number?
True
Suppose 0 = 16*k - 14*k - 10. Let q be 4 + k*(-2)/(-5). Suppose 0 = -3*i - q, 2473 + 1022 = 5*c + 5*i. Is c a composite number?
False
Is 192534 - (11 + 63/(-7) + 3) a prime number?
True
Suppose -6*c = -1155 + 363. Suppose 192 + c = q + 5*b, -3*q = -3*b - 954. Is q a composite number?
True
Let c(y) = -y**3 + 5*y**2 - 6*y + 7. Let v be c(3). Let w be (4 + -3)/(3/(-360)). Let s = v - w. Is s a prime number?
True
Let k be 32071/1 - (10 + 20/(-4)). Is k/30 - (-11 - (-489)/45) a prime number?
True
Suppose 0 = -2*m + 5*z + 6921, 5*m - 2161 - 15153 = z. Suppose -2*i + 4614 = -0*b + 4*b, -3*b = 2*i - m. Is b prime?
True
Suppose -9232*v = -9239*v + 235711. Is v a prime number?
False
Let k = 78 + -94. Is ((-268)/k)/(2/56) a composite number?
True
Suppose -4*j = -5*t - 276461, 344744 - 137387 = 3*j - 6*t. Is j a composite number?
False
Suppose 0 = 4*b + 3*v - 252095, 3*b - 40*v + 32*v - 189143 = 0. Is b a prime number?
True
Let s = -17046 + 84273. Is s a prime number?
False
Is (-1 + (-156)/(-20))*25005/24*4 composite?
True
Let n(x) = 7475*x + 110. Is n(7) prime?
False
Let s be (-6)/(-3) - 114/2. Let v = s - -57. Suppose -5*a = -7*d + 2*d - 17610, v*d = -a + 3519. Is a prime?
False
Suppose 321*k - 3*o - 79013 = 317*k, 2*k = 4*o + 39494. Is k prime?
False
Let p(y) = y**2 + 2*y - 1. Let b be p(-3). Suppose 4*u - u - 17275 = -4*l, -8636 = -b*l - 2*u. Is l prime?
False
Let g(a) = 1539*a - 2605. Is g(62) prime?
False
Suppose 2*l + 2*l - 28244 = 0. Let p = l - 4962. Is p a composite number?
False
Let o(y) = 17 + 967*y**2 - 3*y + 16 - 49 + 17. Is o(2) a composite number?
False
Suppose -14*u + 40 = -4*u. Suppose -2*z + 0*z = u*b - 874, 4*z + 5*b = 1760. Is z prime?
False
Suppose 3*z + 2*f + 4 = 0, -10*f + 5 = -11*f. Is (z + 135/(-18))/((-2)/76) prime?
False
Let p(b) = 31*b**2 - 41*b + 3937. Is p(-72) a composite number?
False
Suppose -2*q - 2*y + 384000 = 0, -16*q + 5*y = -11*q - 959990. Is q a composite number?
False
Suppose -136*g + 126955 = -131*g. Is g a prime number?
True
Let f(b) = 230*b - 2139. Is f(97) a composite number?
True
Is (-76299)/(-5) - (-684)/(-855) prime?
True
Let y = -4034 - -13029. Let c = y - 1808. Is c a composite number?
False
Let h(g) = 689*g**2 - 75*g + 17. Is h(-14) composite?
False
Suppose -8*a + 93 = -35. Let h be -12*(-1)/(12/a)*-36. Let r = -127 - h. Is r a composite number?
False
Let g = -670 + 97. Let q = 1246 - g. Is q prime?
False
Let i(m) = 1948*m**3 + 4*m**2 - 10*m + 23. Let p be i(4). Suppose 20*u - p = -u. Is u a composite number?
False
Is 33653346/48*1 - ((-102)/(-16) + -6) a prime number?
False
Let g = 3318 - 268. Let x = g - 2075. Let j = 1692 - x. Is j prime?
False
Let j = 69 - 29. Suppose -5*n - j = 70. Is (-6997)/(-5) - n/(-55) prime?
True
Let h = -222765 - -323072. Is h a prime number?
False
Suppose -4*i - 3*r + 12125 = -2816, -2*i + 7451 = -5*r. Let b = 1094 + i. Is b a prime number?
False
Suppose 4*j + 4*d - 129 = -5, -3*j + 2*d = -93. Let v = 37 - j. Suppose -1666 = -8*m - v*m. Is m prime?
False
Let m(s) = -2*s**3 - 4*s**2 + 10*s + 34. Let i be m(-3). Let u(b) = -b**3 + 30*b**2 - 8*b - 17. Is u(i) prime?
False
Suppose 7*y + 2*y = 319473. Suppose 0 = 4*j + 3*u - 39248, 3*j - 3*u + 6082 = y. Suppose 0 = -4*s + j - 1533. Is s a prime number?
True
Let l(c) = 32*c**2 - 2*c - 14. Let a(r) = -21*r**2 + r + 9. Let v(u) = -8*a(u) - 5*l(u). Let o be v(-5). Let z = o + -111. Is z prime?
False
Let z be -1 - (-5 + 7)*(-14)/4. Let s be (-2390)/15*4/((-16)/z). Is (-2 + s)*(-1)/(-3)*2 composite?
True
Let p(n) = 269*n**3 + n**2 + n + 3. Suppose -5*u - 450 = -t, 4*u + 371 = 2*t + t. Let v = -87 - u. Is p(v) a prime number?
True
Let b(t) = -t**3 + 4*t**2 + 4*t + 4. Let y = 14 + -71. Let o = y + 54. Is b(o) prime?
False
Let m(l) = -l**2 - l - 1. Let h(k) = 545*k**2 + 3*k - 4. Let t(o) = -h(o) + 4*m(o). Let s be t(-2). Let r = s + 3069. Is r a composite number?
False
Let q be (272/(-5))/((-42)/26355). Suppose -r - 5*m + 6836 = -0*r, 0 = -5*r - 3*m + q. Is r prime?
False
Suppose 0 = -2*k + 4 - 0. Suppose 0 = 6*d + k*d. Suppose 17*g - 19*g + 1298 = d. Is g a prime number?
False
Let j be (786*-1)/(90/(-60)). Let c = j + 9377. Is c a prime number?
True
Suppose 0 = -4*m + 5*m + 2. Let h be 905/m*(36/(-30) + -6). Suppose 5*z - 5441 = -2*o, 2*z - h = -z + o. Is z prime?
True
Suppose 128*k = 18758688 + 16950812 - 8019388. Is k composite?
False
Let q(n) = 86*n**2 + 15*n + 4. Let w be q(18). Suppose 326*o = 328*o - w. Is o prime?
False
Let u = 11552 - 6493. Is u prime?
True
Suppose -4*x + x = 3*g + 279, 3*g 